tors of 128637460?
2, 5, 7, 918839
List the prime factors of 2341707010.
2, 5, 251, 932951
List the prime factors of 74211161.
3433, 21617
List the prime factors of 160003049.
160003049
What are the prime factors of 4224735?
3, 5, 223, 421
What are the prime factors of 390457960?
2, 5, 9761449
What are the prime factors of 164028809?
7, 23432687
What are the prime factors of 44011593?
3, 543353
What are the prime factors of 1164326114?
2, 7, 97, 8839
List the prime factors of 3284839929.
3, 7, 7307, 21407
What are the prime factors of 7217321240?
2, 5, 43, 103, 40739
List the prime factors of 590580576.
2, 3, 43, 103, 463
What are the prime factors of 495676?
2, 83, 1493
What are the prime factors of 52519812?
2, 3, 29, 150919
What are the prime factors of 196436770?
2, 5, 31, 633667
What are the prime factors of 794405066?
2, 7, 13, 127, 34369
What are the prime factors of 184408282?
2, 17, 5423773
What are the prime factors of 22716475?
5, 59, 15401
List the prime factors of 74913143.
19, 31, 193, 659
List the prime factors of 665947585.
5, 661, 201497
What are the prime factors of 752583845?
5, 13, 11578213
What are the prime factors of 438486526?
2, 219243263
What are the prime factors of 280316327?
179, 281, 5573
List the prime factors of 21959025.
3, 5, 11, 43, 619
List the prime factors of 55604926.
2, 13, 17, 125803
What are the prime factors of 116730483?
3, 17, 2288833
List the prime factors of 341630060.
2, 5, 59, 89, 3253
List the prime factors of 324972827.
19, 1699, 10067
What are the prime factors of 64710670?
2, 5, 17, 380651
List the prime factors of 580404928.
2, 9068827
List the prime factors of 51107858.
2, 25553929
What are the prime factors of 66463694?
2, 11, 3021077
List the prime factors of 432904594.
2, 59, 83, 44201
List the prime factors of 888807816.
2, 3, 13, 105509
What are the prime factors of 2330046815?
5, 466009363
What are the prime factors of 1565271170?
2, 5, 827, 189271
List the prime factors of 1653524099.
1653524099
What are the prime factors of 722282679?
3, 151, 531481
List the prime factors of 6279433.
181, 34693
What are the prime factors of 85140079?
61, 1395739
What are the prime factors of 24537341?
17, 19, 75967
List the prime factors of 3930120220.
2, 5, 13, 15115847
What are the prime factors of 3004874718?
2, 3, 503, 995651
List the prime factors of 2195386132.
2, 548846533
What are the prime factors of 1110779237?
7243, 153359
List the prime factors of 2329134540.
2, 3, 5, 5189, 7481
What are the prime factors of 97699176?
2, 3, 97, 4663
What are the prime factors of 12535343?
12535343
What are the prime factors of 23103792?
2, 3, 17827
What are the prime factors of 298553550?
2, 3, 5, 29, 68633
List the prime factors of 2285629376.
2, 35712959
What are the prime factors of 633984242?
2, 316992121
What are the prime factors of 4686567?
3, 191, 8179
List the prime factors of 37231055.
5, 7446211
List the prime factors of 77894625.
3, 5, 207719
What are the prime factors of 49865781?
3, 7, 339223
List the prime factors of 16495651.
131, 125921
What are the prime factors of 4054905812?
2, 107, 2969, 3191
List the prime factors of 3401506485.
3, 5, 13, 5814541
What are the prime factors of 835208151?
3, 103, 281, 9619
List the prime factors of 14872293.
3, 359, 4603
List the prime factors of 941879719.
11, 29, 2952601
List the prime factors of 2825586528.
2, 3, 3851, 7643
List the prime factors of 197437003.
197437003
What are the prime factors of 114136177?
1117, 102181
What are the prime factors of 175799329?
17, 10341137
List the prime factors of 179880167.
179880167
List the prime factors of 797236206.
2, 3, 13, 61, 12889
What are the prime factors of 35647750?
2, 5, 142591
List the prime factors of 1668630190.
2, 5, 47, 3550277
What are the prime factors of 55206563?
55206563
What are the prime factors of 921141109?
7, 19, 47, 101, 1459
What are the prime factors of 334677124?
2, 83669281
What are the prime factors of 956246358?
2, 3, 159374393
List the prime factors of 183432375.
3, 5, 7, 23293
List the prime factors of 1303915372.
2, 37, 8810239
List the prime factors of 422656343.
422656343
What are the prime factors of 42999626?
2, 21499813
What are the prime factors of 994745032?
2, 23, 331, 16333
List the prime factors of 139529790.
2, 3, 5, 172259
List the prime factors of 2244132522.
2, 3, 19, 6561791
What are the prime factors of 6217913?
13, 61, 7841
What are the prime factors of 2089732191?
3, 17, 40975141
List the prime factors of 29479788.
2, 3, 13, 2333
What are the prime factors of 192911697?
3, 11, 1948603
What are the prime factors of 1482107896?
2, 185263487
List the prime factors of 6670264987.
2801, 2381387
What are the prime factors of 48092576?
2, 7, 43, 4993
What are the prime factors of 182847551?
182847551
What are the prime factors of 6914170912?
2, 11, 17, 83, 13921
What are the prime factors of 2131829883?
3, 71, 191, 17467
What are the prime factors of 2067858047?
2067858047
List the prime factors of 191844812.
2, 47961203
List the prime factors of 47790854.
2, 709, 33703
List the prime factors of 780985723.
7, 23, 4850843
What are the prime factors of 43609219?
23, 31, 1973
List the prime factors of 66450653.
449, 147997
What are the prime factors of 23105978?
2, 7, 1650427
What are the prime factors of 49066779?
3, 173, 94541
What are the prime factors of 183900768?
2, 3, 1915633
List the prime factors of 314240234.
2, 7, 11, 291503
List the prime factors of 193979652.
2, 3, 16164971
List the prime factors of 909171335.
5, 181834267
What are the prime factors of 419025686?
2, 209512843
List the prime factors of 72701340.
2, 3, 5, 1211689
List the prime factors of 67594432.
2, 89, 11867
List the prime factors of 49266109.
1223, 40283
List the prime factors of 496462118.
2, 17, 858931
List the prime factors of 2172686609.
367, 5920127
List the prime factors of 7931893970.
2, 5, 7, 11, 13, 792397
What are the prime factors of 5131750359?
3, 1710583453
List the prime factors of 7124504752.
2, 191, 641, 3637
List the prime factors of 179548750.
2, 5, 239, 601
List the prime factors of 147862581.
3, 173, 284899
What are the prime factors of 14593477?
23, 634499
What are the prime factors of 448427583?
3, 67, 9181
List the prime factors of 41163871.
7, 449, 1871
What are the prime factors of 1980598012?
2, 37, 361687
List the prime factors of 383114184.
2, 3, 15963091
List the prime factors of 473625381.
3, 827, 190901
What are the prime factors of 29804559?
3, 19, 522887
What are the prime factors of 2894297254?
2, 1447148627
List the prime factors of 21751846.
2, 19, 572417
List the prime factors of 798409284.
2, 3, 17, 3913771
What are the prime factors of 6287380329?
3, 2095793443
List the prime factors of 2994757223.
59, 67, 283, 2677
List the prime factors of 1323788593.
179, 7395467
What are the prime factors of 3706583269?
3706583269
What are the prime factors of 67290885?
3, 5, 151, 3301
What are the prime factors of 4183663209?
3, 11, 491, 23473
What are the prime factors of 27632608?
2, 719, 1201
What are the prime factors of 106739989?
106739989
What are the prime factors of 620009399?
2011, 308309
List the prime factors of 623088426.
2, 3, 103848071
List the prime factors of 27076103.
59, 458917
List the prime factors of 880335401.
11, 59, 89, 15241
List the prime factors of 3732740583.
3, 11, 13, 8701027
What are the prime factors of 61783337?
7, 11, 197, 4073
List the prime factors of 18186254.
2, 9093127
What are the prime factors of 1933220852?
2, 29, 16665697
What are the prime factors of 2463149392?
2, 11, 31, 43, 10499
What are the prime factors of 43803877?
13, 3369529
What are the prime factors of 1580390184?
2, 3, 2287, 28793
What are the prime factors of 5780091423?
3, 1926697141
List the prime factors of 42110692.
2, 13, 809821
List the prime factors of 34446069.
3, 7, 19, 4111
List the prime factors of 401459698.
2, 200729849
What are the prime factors of 26598994?
2, 23, 223, 2593
What are the prime factors of 49266156?
2, 3, 683, 6011
What are the prime factors of 287623200?
2, 3, 5, 37, 41, 79
What are the prime factors of 1858835317?
137, 13568141
What are the prime factors of 924755667?
3, 11, 2237, 12527
What are the prime factors